+ 1 - (-1 - -3). Let t = h + g. What is the units digit of t?
3
Let u(w) = 48*w**3 + w**2 + 8*w + 49. What is the thousands digit of u(6)?
0
Suppose 754*i + 63440 = 767*i. What is the units digit of i?
0
Let n be (-4 - 4)/4*-1 - -3. Let m = -50 - -142. Suppose -i = n*l - 61, 2*i - 46 = -2*l + m. What is the tens digit of i?
7
Suppose 0 + 2 = f. Let m(z) = -19*z + 2696. Let g be m(104). What is the tens digit of g/21 + f - 4/14?
3
Let t(a) = 145*a**2 + 10*a. Let x(v) = -72*v**2 - 5*v. Let i(p) = -3*t(p) - 7*x(p). Suppose 2*o = -3*m + 5 + 5, -m + 1 = 3*o. What is the units digit of i(o)?
4
Let b be 60/6*(-2 - 36/(-15)). Suppose -b*k + 421 + 5059 = 0. What is the hundreds digit of k?
3
Let p(g) = -1 + 7*g - 6*g - 2 - 3. Let b be p(6). Suppose b = -3*m + 143 + 256. What is the hundreds digit of m?
1
Let w = -522 + 10369. What is the units digit of w?
7
Let y(t) = -t**2 - 14*t - 14. Let g be y(-12). Suppose -3*w + g = 1. Suppose -a = w*a - 3*p - 128, -2*a - 4*p = -64. What is the tens digit of a?
3
Let m(w) = -162*w - 2990. What is the ten thousands digit of m(-83)?
1
What is the tens digit of (-2 - 5)*((-94)/(-8))/((-57)/1368)?
7
Let s be (6/((-54)/(-15)))/(1/12). Suppose -5*z = -z - s. Suppose -530 = -z*c - 0*c. What is the tens digit of c?
0
Let d(c) = 6*c - 9. Let t be d(3). Let j = -1 + t. Suppose 5*r - 316 = -2*z, 620 = 4*z + j*r - 4*r. What is the units digit of z?
3
What is the tens digit of (-6464)/96*990/(-12)?
5
Suppose -6*y - 3017 + 46884 = -29807. What is the thousands digit of y?
2
Let l(q) = q**3 - 6*q**2 - 17*q. Let n be l(8). Let a(x) = 34*x**2 + 141*x - 2. What is the units digit of a(n)?
6
Let u(t) = -152 + 480*t + 372*t + 149. What is the units digit of u(1)?
9
Let u(d) = 35*d**2 - 3*d + 18. Let l be u(5). Let b = -609 + l. What is the hundreds digit of b?
2
Suppose -30958 = -4*c - 2*i + 33234, -4 = 2*i. What is the units digit of c?
9
Let x(o) = -58*o + 30*o - 55 - 108. What is the tens digit of x(-28)?
2
Suppose 3*u + 3 = -0, 4*i + 3*u = -3. Suppose 4*k - 20 = i, -333 - 700 = -b + 2*k. What is the units digit of b?
3
Suppose -40*t + 49*t = 0. Let x(k) = -k**2 + 8*k + 357. What is the tens digit of x(t)?
5
Suppose -26*c + 22946 = -13870. What is the units digit of c?
6
Let n(l) = -l**2 + 25*l - 80. Let c be n(4). Suppose t + c = 0, 4*z - 2*t = z + 1070. What is the units digit of z?
4
Let j = 871 - 503. Let w = j + -62. What is the units digit of w?
6
Suppose 5*y + 4*l - 13 = -6, -3*l + 9 = 0. Let u be y + 8/(-3)*(-3)/2. Suppose -g = -u*n - 262, -3*g - g - 5*n = -963. What is the units digit of g?
7
Suppose -x - 9*x + 50 = 0. Suppose f - 204 = -3*d, -f - 430 = -3*f + x*d. Suppose 3*b - w - 294 = 0, 2*b + 3*w = -w + f. What is the units digit of b?
9
Let m(j) = 6*j**3 - 21*j**2 + 16*j + 8. Let u be m(15). Suppose -187 = -15*r + u. What is the units digit of r?
4
What is the thousands digit of (-21 + -4468)/(3*(-4)/24)?
8
Let j(g) be the first derivative of g**4/12 + 7*g**3/3 - 3*g**2/2 + 3*g + 38. Let k(b) be the first derivative of j(b). What is the tens digit of k(4)?
6
Let a(x) = -x**3 - 4*x**2 + 4*x - 10. Let q be a(-5). Let v = q - -15. Suppose -v = -4*i + 50. What is the units digit of i?
5
Let r = -11567 + 60374. What is the thousands digit of r?
8
Let i(p) = 251*p + 787. What is the units digit of i(-2)?
5
Let l(b) be the second derivative of -1/12*b**4 - 4*b - 7/3*b**3 + 13*b**2 + 0. What is the units digit of l(-15)?
1
Suppose -3*i + 2*w + 5 + 19 = 0, -3*i = -3*w - 27. Let x(z) = 6*z**3 - 2*z + 4*z**3 - i*z**3 + 2. What is the tens digit of x(2)?
3
Let i(v) = 2965*v - 3318. What is the units digit of i(16)?
2
Suppose 0 = -5*p - 3*f - 12, -3*p + 5*f - f = 13. What is the units digit of (59*(-4 - p))/((-1)/2)?
8
Suppose 138*p = 110*p + 68684. What is the tens digit of p?
5
Suppose x = 2*p - 6168, -2*x = -4*p - x + 12336. Let a be 35/14 - p/(-8). Suppose -2*s - 177 = -u, 4*u + s - 329 = a. What is the hundreds digit of u?
1
Let q(r) be the first derivative of 19*r**3/3 + 3*r**2/2 - 3*r - 3018. Let i = -1 + 2. What is the units digit of q(i)?
9
Let w = -142 - -541. Let t = -180 + w. Suppose 2*v - t = -3*k, -4*k + 413 = 4*v - 23. What is the tens digit of v?
0
Let a = 142996 - 92572. What is the units digit of a?
4
Suppose -20*s + 3906 = -11*s. Let h = -213 + s. What is the units digit of h?
1
Let k be (3/2)/((-2)/92). Suppose -11*i + 17*i + 264 = 0. Let o = i - k. What is the tens digit of o?
2
Let j(i) = i**2 + 22*i - 129. Suppose f - 71 = -5*b - 2*f, 5*f + 31 = b. What is the tens digit of j(b)?
7
Suppose 4*a + 42006 = -2*r + 204504, 2*a - 81228 = -4*r. What is the thousands digit of a?
0
Let s = -27 - -7258. What is the hundreds digit of s?
2
Let y(r) = 47*r**2 + r. Let g be y(1). Suppose 2*s = 5*s + 12, l - s - 12 = 0. Suppose t - l = g. What is the tens digit of t?
5
Suppose -36*o = 61*o - 588014. What is the units digit of o?
2
Suppose s + b = -2, -5*s + b = -3*b - 17. Suppose 2*t + 6 = -2*o, -5*t - 6 + s = 0. What is the hundreds digit of (-3)/(6/(-428)) - o?
2
Let b(s) = -s**3 - 2*s**2 - s + 165. Let o be b(0). Let y = 104 + o. What is the tens digit of y?
6
Let s be (-25 - -25)*(-2)/4. Suppose 322*h - 321*h - 167 = s. What is the units digit of h?
7
Let b(u) = -604*u - 811. What is the units digit of b(-17)?
7
Suppose 4*x = 12, -2*z + 2*x = z - 138. Suppose 22 = -3*n - c, 3*c = 2*n - 6*n - 36. Let u = z + n. What is the units digit of u?
2
Let s(k) = -k**3 - 123*k**2 - 96*k + 1268. What is the thousands digit of s(-127)?
7
Let g(d) = 79*d**2 - 10*d + 7. Let o be g(3). Let l = 1111 - o. What is the tens digit of l?
2
Let w(m) = -5919*m**3 + 5*m**2 + 5*m + 9. What is the units digit of w(-2)?
1
Suppose 3*h - 4*p = -11, 2*h - 24 = -h - 3*p. Let v = 16 - h. Suppose j + v = 15. What is the units digit of j?
2
Suppose 0 = -r + 4, 60 = -t + 4*r + r. Let m = -36 - t. Suppose -m*v = w - 41, -2*w = -3*w + 4*v + 1. What is the units digit of w?
1
Let h = 48 - 48. Suppose 0*s + 3*s + 4*j - 50 = h, -10 = -5*j. Suppose -4*v = l - 6 - s, 5*l + v - 195 = 0. What is the units digit of l?
0
Suppose 0*r + 5*r = -4*b + 35, -4*b = 0. Suppose 2*w - 4*t - 11 = r, 5*t = -w + 30. What is the tens digit of 940/w - 6/9?
6
Suppose -2*o = 5*g - 17 - 17, 0 = g - o - 4. Let f(x) = -16*x - 27. Let z be f(g). Let u = -81 - z. What is the tens digit of u?
4
Let n(r) = r**2 + 17*r + 7940. What is the tens digit of n(0)?
4
Suppose -2*m = -4*v - 50, -35 = -4*m - v - 4*v. Suppose 4*y + 17 + m = 0. What is the units digit of (-2 - -8) + y - (1 + -149)?
6
Let l(c) = -30*c - 5. Let v be l(-1). Suppose -v = 20*i - 205. What is the units digit of i?
9
Suppose -3*z - 5*z + 32 = 0. Suppose -z*n + 3*c = 47, -3*n + 3*c - 36 = c. What is the units digit of (0 - (-8)/(-6))*21/n?
2
Suppose -3*o + 36454 = 8*o. What is the hundreds digit of o?
3
Suppose 2*n + n - 74 = 4*p, 25 = -5*p. What is the units digit of 3/n + (-9118)/(-12)?
0
Let b(m) = 8*m**3 + 5*m**2 - 8*m + 4. Let o be b(3). Let f = 376 - o. What is the tens digit of f?
3
Suppose 8557 = -10*h + 12787. What is the tens digit of h?
2
Let a be (-2)/2*(51/1)/(-3). Let g = a - 66. Let u = g - -108. What is the tens digit of u?
5
Suppose -2*z + 3*g + 7 = -3*z, -2*z + 5*g - 3 = 0. Let f = z - -107. What is the hundreds digit of f?
1
Let r = -6179 + 9575. What is the hundreds digit of r?
3
Suppose c + 3*v + 16 = -0*v, -5*c - 80 = 4*v. Let a(l) = -l**2 - 31*l - 34. What is the units digit of a(c)?
6
Let b(p) = 20*p**2 - 15*p - 59. Let a be b(-8). Let f = a + -631. What is the tens digit of f?
1
Let y be -1 - (626 - 6)/(-2). Suppose y = 10*s - 61. What is the tens digit of s?
3
Let k = 31256 - 21488. What is the hundreds digit of k?
7
Let z = 26646 - -3323. What is the ten thousands digit of z?
2
Let b(j) = -2*j - 1. Let o be ((-3)/9)/(2/6). Let a be b(o). What is the units digit of 9/(-18)*(a - 43)?
1
Let g(n) be the second derivative of 11*n**4/2 - 13*n**3/6 + 13*n**2 + 19*n. What is the units digit of g(2)?
4
Let z = -104 + 130. Let x = 523 - z. Suppose 0 = 3*t - x - 391. What is the units digit of t?
6
Suppose 3*t - 7*t = 2*z - 852, -2*t + 418 = -3*z. Suppose -2*m + t = -358. What is the tens digit of m?
8
Suppose u - 12 = -3*u, -3*i - u = -606. Let a = i - 108. Suppose 4*k = 3*b - 244, 2*b - a = b - k. Wh